se 4*x + 2*k = 34, -n*k - 15 = 3*k. What is the units digit of x?
0
Let q = -104 - -267. What is the hundreds digit of q?
1
Suppose 2*w = -w + 30. Let o(u) be the second derivative of -u**4/12 + 5*u**3/3 + 3*u**2/2 - 18*u. What is the units digit of o(w)?
3
Suppose 2*w - 4*m = 48, 72 = 5*w + m + m. Suppose -4*x + 0*x = -w. Suppose -2*t = -x*v - 0*t + 6, -4*t = 3*v - 21. What is the units digit of v?
3
Let j = -22 + 32. Suppose 9*g - 4*g = -n + j, -5*n = -4*g - 50. What is the units digit of n?
0
Suppose -2*g - 2 + 10 = 0. Suppose 0 = g*z + 3*a - 11, 4*a - 6 = -3*z + a. What is the units digit of z?
5
Let d = 14 + 114. What is the units digit of d?
8
Let t(o) = -o**3 - 9*o**2 + 7*o + 14. What is the units digit of t(-10)?
4
Let t(q) = 2*q. Let o be t(1). Let k = o - -7. What is the units digit of k?
9
Let i be (9/(-6))/((-2)/216). Let p be 2/(-10) - i/15. Let r = p + 19. What is the units digit of r?
8
Let j be 9/6*568/(-6). Let h = -96 - j. What is the units digit of h?
6
Let c(p) = -260*p**3 - 2*p**2 - 3*p. What is the units digit of c(-1)?
1
Let q(o) = -o - 11. Let u be q(-8). What is the units digit of (-3 - u) + 9*1?
9
Let i(l) = l + 2. Let g be i(-2). Suppose -3 = -3*v - g*v. What is the units digit of v?
1
Let q be 2/6 - (-91)/(-21). What is the units digit of (q/6)/((-4)/30)?
5
Suppose 4*r + 4 = -r - y, 3*y - 8 = 5*r. What is the units digit of 18 - (0 - -2 - r)?
5
Suppose 6*i - 183 = 51. What is the tens digit of i?
3
Suppose g - 6*g + 5 = 0. Suppose -g = -n - 0. What is the units digit of n?
1
Let v(d) be the first derivative of d**4/4 + 7*d**3/3 + d**2/2 - 3*d - 6. What is the units digit of v(-5)?
2
Suppose 8 = 3*h - o - o, 5 = 4*h + 3*o. Suppose -2*p - 25 = -5*g, -3*p - h*p = 4*g + 79. What is the units digit of 4/10 - 39/p?
3
Let n(i) = -i**2 - 5*i + 6. Let d be n(-6). Suppose d = -5*r + 35 + 45. What is the units digit of r?
6
Let t(f) = f**3 + f**2 + 5*f - 14. What is the hundreds digit of t(6)?
2
Let y(o) = 20*o + 26. What is the tens digit of y(6)?
4
Let u(j) = 3*j + 9. Let q be (-5)/20 + (-46)/8. Let d be u(q). Let x = d + 13. What is the units digit of x?
4
Let d be 0/(-3)*2/4. Suppose -l = -0*g - 2*g + 5, 3*g + 3*l + 15 = d. Suppose 2*i - 5*w + 2 = g, 17 = 4*i - 5*w + 1. What is the units digit of i?
9
Let r = 45 + -31. What is the units digit of r?
4
Suppose -5*h = n + 38, 5*h - 60 = 4*n - 8. Let k = -12 - n. Suppose -3*r - k = -3*p, 5*r - 2 + 0 = -p. What is the units digit of p?
2
Let z(a) = 4 + 2*a - 4*a - 3. What is the units digit of z(-7)?
5
Suppose -4*w = z - 8, -4*z + 2*w + 6 = -2*z. Suppose -63 = c - z*c. What is the tens digit of c?
2
Let t = -20 + 50. What is the units digit of t?
0
Suppose -2*j - 266 = 3*f - 6*f, -3*f - 5*j = -301. What is the units digit of f?
2
Let n = 523 - 351. What is the units digit of n?
2
Let j = 7 + 10. What is the tens digit of j?
1
Suppose -2*c + 59 = -7. Suppose -v - 4*u + c = u, -2*v + 3*u + 14 = 0. Suppose -2*o - 5*s = -29, -6 = -2*o - 3*s + v. What is the units digit of o?
2
Let c(x) = 4*x**2 - 4*x + 8. What is the tens digit of c(-6)?
7
Suppose -2*t = -3*y + 22, -y + 32 = 3*y - 2*t. Suppose 5*b = y, 0*i + 3*i = -5*b + 19. Suppose 0 = -2*c + 11 + i. What is the units digit of c?
7
Suppose 10*s - 2478 = -408. What is the tens digit of s?
0
Suppose 0 = 4*q + 254 + 182. Let i = -78 - q. What is the units digit of i?
1
Let f = -1 + -3. Let h be (2/6)/(f/(-48)). Suppose h*t = 7*t - 9. What is the units digit of t?
3
What is the units digit of (-360)/(-70) - (-2)/(-14)?
5
Let s be 2/((-1)/(-11)*2). Let q = s + -2. What is the units digit of q?
9
Let p be ((-3)/2)/(3/(-4)). Suppose 4*g - 3 = -f + 2, -g + 3*f - p = 0. What is the units digit of g?
1
Let l(k) = 12*k**3 - 5*k**2 + 4*k + 1. What is the units digit of l(2)?
5
What is the units digit of 20/15*(-162)/(-4)?
4
What is the units digit of ((-72)/(-10))/((-63)/(-30) - 2)?
2
Suppose -3*x + 2 = -2*x. Suppose x*n + 0*n + 7 = 3*z, 2*n + 17 = 5*z. Suppose -2*u = -2*f - 24 + 10, 3*u + z*f - 21 = 0. What is the units digit of u?
7
Let i = -10 - -12. What is the tens digit of 6*(7/i)/1?
2
Let s(z) = 2*z**2 + z. Let x be s(1). Suppose x*f - f = 30. What is the units digit of f?
5
Let n = 32 - 21. Let d = n + -9. Suppose 2*v = -d, 5*m - 66 = -0*v - 4*v. What is the tens digit of m?
1
Let d be (7 - 7) + (-12)/(-2). Let z = d - -3. What is the units digit of z?
9
Let n(f) = f**2 + 7*f + 8. Let j be n(-8). Suppose j = s + h - 2*h, 52 = 4*s - h. What is the units digit of s?
2
Suppose -3*u + u = -36. What is the tens digit of u?
1
Let w(q) = q**2 - 8*q - 12. Let y be w(10). Suppose y*i - 3 = 5*i. What is the units digit of i?
1
Let a(g) = -150*g. Let r be a(-1). Let c = r + -26. What is the tens digit of (-1)/3 - c/(-12)?
1
Suppose 0 = 3*z - 2*m - m - 15, -2*m = z + 4. What is the units digit of z?
2
Suppose c = 3*c + 3*o, -o = -4*c - 14. Let d be (4/c)/(2/(-6)). Let l(n) = n**2 - 2*n - 4. What is the units digit of l(d)?
4
Suppose 34 = -2*s - 2. Let i = -10 - s. What is the units digit of i?
8
Let k = -9 - -9. Suppose 2*c - 2 = k, -4*z - 4*c + 6 = -2*z. What is the units digit of z?
1
Suppose 0 = 2*a + 3 - 15. What is the tens digit of 33*1 + (a - 6)?
3
Let m(c) = 12 + c**2 + c**2 - 9*c - c**2. What is the units digit of m(8)?
4
Let h(j) = -j**2 - 9*j - 10. Let v be h(-7). Suppose 0 = -5*w - 3*u + v + 2, -5*w + 3*u - 6 = 0. Let z = 2 - w. What is the units digit of z?
2
Suppose -3*b = -c - 2*b + 7, -2*c - 21 = 5*b. Let z = c + 4. Let g = z + -3. What is the units digit of g?
3
Suppose 13 = 5*y + 58. Let q = -4 - y. Suppose -3*c + 10 = -q*f - 17, 3*c = -2*f + 27. What is the units digit of c?
9
Let o(c) = -4*c**3 + 4 - 1 - 8*c**2 + 3*c**3 - 7*c. Let q be -3*-14*(-2)/12. What is the units digit of o(q)?
3
Let u(v) = v**2 + v + 4. Let o be u(-3). Suppose -4*k = -o - 6. Suppose 5 = w - k. What is the units digit of w?
9
Suppose -2*b + 38 = -44. What is the units digit of b?
1
Let x = -54 - -99. What is the units digit of x?
5
Suppose 0 = -m + 1 - 3. What is the units digit of -2 - (1 + m + -10)?
9
Let a be 1*(-1)/2*0. Suppose -m + a*w - 3*w + 14 = 0, 2*m - w = 0. What is the units digit of m?
2
Let y(b) = -b**3 - 4*b - 5. What is the tens digit of y(-4)?
7
Let r = 21 + 24. What is the units digit of ((-21)/(-9))/(5/r)?
1
Suppose t - 254 = -t + 4*y, 135 = t + 2*y. What is the units digit of t?
1
Suppose c + 16 = 5*s, 46 = 5*c + 5*s + 6. Suppose c*p = -3*l + 7, 0*l - p + 2 = l. Suppose -4*q - l = -0*q + 5*h, 0 = 2*h + 2. What is the units digit of q?
1
Let c be 6/10*(-345)/(-3). What is the units digit of (-1)/4 - c/(-4)?
7
Suppose 5*a - i = 247, -2*i = 3*a + 2*i - 162. Let b = -36 + a. Let p = -3 + b. What is the units digit of p?
1
Let g(o) = -4*o - 5. What is the tens digit of g(-4)?
1
Let c(w) = 4*w**2. What is the units digit of c(-2)?
6
Let x(y) = -y**3 - y**2 - 1. Let v(z) = 3*z**3 + 13*z**2 + z - 5. Let r(o) = v(o) + 4*x(o). Let m be r(9). Let w = m + 1. What is the units digit of w?
1
Suppose -7 = 4*b + 5. What is the units digit of ((-45)/10)/(b/4)?
6
Let i(h) = -2*h - 7. Let u be i(-6). Let x(t) = t - 6. Let y be x(u). What is the units digit of 0 + 2 - y - -2?
5
Let x(w) = 0 + 0 + 7*w**2. Suppose -11 = -4*b - 5*u, -23 = 5*b - 4*u - 6. What is the units digit of x(b)?
7
Let h = 55 + -11. What is the units digit of h?
4
Let h = -12 + 30. What is the units digit of h?
8
What is the units digit of (-140)/75 + 2/(-15) - -21?
9
Suppose -u - 3*u = -196. What is the tens digit of u?
4
Let i be (-88)/(-16)*(-2)/1. Let d = -8 - i. What is the units digit of d?
3
Let f = -38 + 54. What is the units digit of f?
6
Let n = 7 - 1. Let v = n - 4. Suppose -3*p + 6 = -v*p. What is the units digit of p?
6
Suppose -4*r - o + 40 = -3*r, 2*r - 2*o - 60 = 0. Let h = r + -24. What is the units digit of h?
1
Let m = -228 + 126. Let c = -73 - m. What is the units digit of c?
9
Let c be (-4)/(-2) - (-1 + -37). Let p(w) = w**2 + 6*w + 2. Let q be p(-9). Let i = c - q. What is the tens digit of i?
1
Let h(d) = -23*d**3 - 6*d**2 - 17*d + 3. Let b(s) = -8*s**3 - 2*s**2 - 6*s + 1. Let i(j) = -17*b(j) + 6*h(j). What is the units digit of i(-2)?
9
Let l(x) = -3*x**2 - 2*x - 1. Suppose 2*a = 3*a + 1. Let w be l(a). What is the units digit of 44/6 + w/(-3)?
8
What is t